
What is the highest common factor of 84 and 12?
12
Calculate the highest common divisor of 9992 and 8.
8
What is the highest common divisor of 416 and 80?
16
Calculate the greatest common divisor of 69 and 69.
69
What is the highest common divisor of 39 and 2301?
39
Calculate the greatest common factor of 315 and 101430.
315
What is the highest common divisor of 604 and 1661?
151
What is the greatest common divisor of 902 and 22?
22
Calculate the highest common factor of 486 and 54.
54
What is the highest common divisor of 528 and 708?
12
What is the greatest common factor of 26 and 117?
13
What is the greatest common divisor of 36 and 495?
9
Calculate the greatest common divisor of 957 and 44.
11
What is the highest common factor of 18 and 24?
6
What is the greatest common factor of 1841 and 21?
7
Calculate the greatest common factor of 5131 and 14.
7
What is the greatest common factor of 1275 and 5?
5
What is the highest common divisor of 8 and 24?
8
Calculate the highest common factor of 392 and 4.
4
Calculate the highest common factor of 6572 and 124.
124
What is the greatest common factor of 2061 and 27?
9
What is the greatest common divisor of 190 and 95?
95
Calculate the greatest common divisor of 10980 and 360.
180
Calculate the greatest common divisor of 613 and 4.
1
What is the greatest common factor of 25 and 200?
25
Calculate the highest common factor of 80 and 20.
20
Calculate the highest common factor of 2546 and 1330.
38
Calculate the greatest common factor of 1365 and 780.
195
Calculate the greatest common factor of 44 and 12.
4
Calculate the greatest common divisor of 910 and 1170.
130
What is the highest common factor of 16226 and 266?
266
What is the greatest common factor of 36 and 7974?
18
What is the greatest common factor of 6279 and 1311?
69
What is the greatest common factor of 70 and 266?
14
Calculate the greatest common factor of 4009 and 19.
19
What is the highest common factor of 850 and 68?
34
Calculate the highest common factor of 21 and 469.
7
What is the highest common divisor of 782 and 646?
34
Calculate the greatest common divisor of 105 and 12.
3
Calculate the highest common factor of 816 and 144.
48
What is the highest common factor of 56 and 266?
14
What is the highest common factor of 5445 and 135?
45
Calculate the greatest common divisor of 21 and 224.
7
Calculate the highest common divisor of 791 and 226.
113
What is the highest common factor of 42 and 66?
6
What is the highest common divisor of 7501 and 13?
13
What is the greatest common divisor of 57 and 8607?
57
Calculate the highest common divisor of 2332 and 704.
44
Calculate the highest common divisor of 510 and 96.
6
What is the highest common factor of 671 and 99?
11
What is the highest common factor of 791 and 14?
7
Calculate the greatest common divisor of 66 and 8723.
11
Calculate the greatest common factor of 819 and 105.
21
Calculate the greatest common divisor of 114 and 9177.
57
What is the highest common factor of 856 and 64?
8
Calculate the greatest common factor of 288 and 96.
96
Calculate the greatest common divisor of 19341 and 614.
307
Calculate the greatest common divisor of 171 and 6783.
57
Calculate the highest common divisor of 6164 and 736.
92
What is the highest common divisor of 261 and 116?
29
What is the greatest common factor of 54 and 270?
54
Calculate the highest common factor of 4332 and 1596.
228
Calculate the highest common divisor of 104 and 768.
8
What is the greatest common divisor of 6220 and 80?
20
Calculate the highest common factor of 6 and 24.
6
What is the greatest common factor of 6 and 834?
6
Calculate the highest common factor of 391 and 115.
23
What is the highest common divisor of 122 and 183?
61
What is the greatest common factor of 2478 and 378?
42
What is the highest common divisor of 50 and 10?
10
Calculate the greatest common divisor of 15 and 5595.
15
What is the highest common divisor of 24 and 9444?
12
What is the greatest common factor of 71 and 71?
71
Calculate the highest common divisor of 6537 and 9.
3
What is the greatest common factor of 21755 and 190?
95
What is the highest common factor of 8632 and 13?
13
What is the greatest common divisor of 680 and 3128?
136
What is the greatest common divisor of 285 and 30?
15
Calculate the greatest common factor of 76 and 1444.
76
What is the highest common divisor of 639 and 36?
9
Calculate the highest common divisor of 2000 and 32.
16
What is the greatest common factor of 9394 and 77?
77
What is the greatest common divisor of 238 and 612?
34
Calculate the greatest common factor of 63 and 28.
7
What is the greatest common factor of 26 and 2522?
26
What is the highest common factor of 1152 and 18?
18
Calculate the greatest common divisor of 693 and 819.
63
Calculate the greatest common divisor of 253 and 115.
23
What is the greatest common divisor of 14136 and 760?
152
Calculate the highest common divisor of 615 and 21935.
205
Calculate the highest common divisor of 30 and 24.
6
What is the highest common divisor of 21 and 1743?
21
What is the greatest common factor of 3232 and 606?
202
What is the highest common factor of 996 and 36188?
332
Calculate the highest common factor of 132 and 4356.
132
Calculate the highest common factor of 6 and 47.
1
What is the greatest common factor of 87 and 29?
29
Calculate the highest common divisor of 4 and 22.
2
What is the highest common factor of 1012 and 198?
22
Calculate the greatest common factor of 81 and 36.
9
Calculate the highest common divisor of 9759 and 6.
3
Calculate the greatest common factor of 65 and 5.
5
What is the highest common divisor of 100 and 40?
20
Calculate the highest common divisor of 1775 and 575.
25
Calculate the highest common factor of 243 and 18.
9
Calculate the greatest common divisor of 47 and 14429.
47
Calculate the highest common factor of 747 and 72.
9
Calculate the highest common divisor of 32 and 18.
2
What is the highest common factor of 360 and 216?
72
Calculate the highest common factor of 416 and 26832.
208
Calculate the highest common divisor of 750 and 105.
15
Calculate the greatest common divisor of 126 and 1170.
18
What is the highest common divisor of 16282 and 14?
14
What is the highest common factor of 2356 and 992?
124
What is the greatest common divisor of 777 and 21?
21
What is the greatest common divisor of 88 and 9779?
11
What is the highest common factor of 2747 and 246?
41
What is the greatest common factor of 104 and 2808?
104
What is the greatest common factor of 1247 and 29?
29
Calculate the highest common factor of 54 and 1143.
9
What is the greatest common divisor of 660 and 3916?
44
What is the greatest common factor of 57 and 513?
57
What is the highest common divisor of 75 and 100?
25
Calculate the highest common factor of 2653 and 14.
7
Calculate the greatest common factor of 938 and 14.
14
What is the greatest common factor of 98 and 56?
14
What is the highest common divisor of 29923 and 23?
23
Calculate the highest common factor of 663 and 51.
51
Calculate the highest common divisor of 700 and 50.
50
Calculate the highest common factor of 1617 and 11.
11
What is the greatest common divisor of 1105 and 85?
85
Calculate the greatest common factor of 32 and 64.
32
Calculate the highest common factor of 3311 and 77.
77
Calculate the greatest common factor of 94 and 32.
2
What is the greatest common factor of 384 and 204?
12
Calculate the highest common factor of 2556 and 36.
36
What is the highest common divisor of 2665 and 104?
13
What is the highest common divisor of 5 and 75?
5
What is the highest common factor of 153 and 9656?
17
Calculate the greatest common factor of 192 and 13408.
32
What is the greatest common divisor of 1410 and 1222?
94
What is the greatest common divisor of 76 and 2774?
38
Calculate the highest common divisor of 195 and 728.
13
What is the highest common divisor of 10 and 8?
2
What is the highest common divisor of 60 and 150?
30
Calculate the greatest common divisor of 58 and 18415.
29
Calculate the highest common divisor of 666 and 54.
18
What is the greatest common factor of 5830 and 220?
110
Calculate the highest common divisor of 3432 and 3744.
312
Calculate the greatest common divisor of 21 and 287.
7
What is th